{"id":14,"date":"2022-03-21T09:08:16","date_gmt":"2022-03-21T08:08:16","guid":{"rendered":"https:\/\/katarina-gerlage.be\/CMS\/?page_id=14"},"modified":"2022-03-21T11:40:17","modified_gmt":"2022-03-21T10:40:17","slug":"les-equipes","status":"publish","type":"page","link":"https:\/\/katarina-gerlage.be\/CMS\/les-equipes\/","title":{"rendered":"Les \u00e9quipes"},"content":{"rendered":"\n<div class=\"wp-block-media-text alignwide is-stacked-on-mobile\"><figure class=\"wp-block-media-text__media\"><img loading=\"lazy\" decoding=\"async\" width=\"1024\" height=\"576\" src=\"https:\/\/katarina-gerlage.be\/CMS\/wp-content\/uploads\/2022\/03\/U11G-1024x576.jpeg\" alt=\"\" class=\"wp-image-327 size-full\" srcset=\"https:\/\/katarina-gerlage.be\/CMS\/wp-content\/uploads\/2022\/03\/U11G-1024x576.jpeg 1024w, https:\/\/katarina-gerlage.be\/CMS\/wp-content\/uploads\/2022\/03\/U11G-300x169.jpeg 300w, https:\/\/katarina-gerlage.be\/CMS\/wp-content\/uploads\/2022\/03\/U11G-768x432.jpeg 768w, https:\/\/katarina-gerlage.be\/CMS\/wp-content\/uploads\/2022\/03\/U11G-1536x864.jpeg 1536w, https:\/\/katarina-gerlage.be\/CMS\/wp-content\/uploads\/2022\/03\/U11G.jpeg 2016w\" sizes=\"auto, (max-width: 1024px) 100vw, 1024px\" \/><\/figure><div class=\"wp-block-media-text__content\">\n<p class=\"has-colibri-color-6-color has-text-color has-large-font-size\">Jeunes cat\u00e9gorie U11 Gar\u00e7ons<\/p>\n<\/div><\/div>\n\n\n\n<div class=\"wp-block-media-text alignwide is-stacked-on-mobile\"><figure class=\"wp-block-media-text__media\"><img loading=\"lazy\" decoding=\"async\" width=\"1024\" height=\"768\" src=\"https:\/\/katarina-gerlage.be\/CMS\/wp-content\/uploads\/2022\/03\/WhatsApp-Image-2022-03-20-at-23.34.46-1024x768.jpeg\" alt=\"\" class=\"wp-image-329 size-full\" srcset=\"https:\/\/katarina-gerlage.be\/CMS\/wp-content\/uploads\/2022\/03\/WhatsApp-Image-2022-03-20-at-23.34.46-1024x768.jpeg 1024w, https:\/\/katarina-gerlage.be\/CMS\/wp-content\/uploads\/2022\/03\/WhatsApp-Image-2022-03-20-at-23.34.46-300x225.jpeg 300w, https:\/\/katarina-gerlage.be\/CMS\/wp-content\/uploads\/2022\/03\/WhatsApp-Image-2022-03-20-at-23.34.46-768x576.jpeg 768w, https:\/\/katarina-gerlage.be\/CMS\/wp-content\/uploads\/2022\/03\/WhatsApp-Image-2022-03-20-at-23.34.46-1536x1152.jpeg 1536w, https:\/\/katarina-gerlage.be\/CMS\/wp-content\/uploads\/2022\/03\/WhatsApp-Image-2022-03-20-at-23.34.46.jpeg 2048w\" sizes=\"auto, (max-width: 1024px) 100vw, 1024px\" \/><\/figure><div class=\"wp-block-media-text__content\">\n<p class=\"has-colibri-color-6-color has-text-color has-large-font-size\">Jeunes cat\u00e9gorie U13 Filles<\/p>\n<\/div><\/div>\n\n\n\n<div class=\"wp-block-media-text alignwide is-stacked-on-mobile\"><figure class=\"wp-block-media-text__media\"><img loading=\"lazy\" decoding=\"async\" width=\"1024\" height=\"768\" src=\"https:\/\/katarina-gerlage.be\/CMS\/wp-content\/uploads\/2022\/03\/Cadettes-21-22-1024x768.jpg\" alt=\"\" class=\"wp-image-330 size-full\" srcset=\"https:\/\/katarina-gerlage.be\/CMS\/wp-content\/uploads\/2022\/03\/Cadettes-21-22-1024x768.jpg 1024w, https:\/\/katarina-gerlage.be\/CMS\/wp-content\/uploads\/2022\/03\/Cadettes-21-22-300x225.jpg 300w, https:\/\/katarina-gerlage.be\/CMS\/wp-content\/uploads\/2022\/03\/Cadettes-21-22-768x576.jpg 768w, https:\/\/katarina-gerlage.be\/CMS\/wp-content\/uploads\/2022\/03\/Cadettes-21-22-1536x1152.jpg 1536w, https:\/\/katarina-gerlage.be\/CMS\/wp-content\/uploads\/2022\/03\/Cadettes-21-22.jpg 2048w\" sizes=\"auto, (max-width: 1024px) 100vw, 1024px\" \/><\/figure><div class=\"wp-block-media-text__content\">\n<p class=\"has-colibri-color-6-color has-text-color has-large-font-size\">Jeunes cat\u00e9gorie U15 Filles<\/p>\n<\/div><\/div>\n\n\n\n<div class=\"wp-block-media-text alignwide is-stacked-on-mobile\"><figure class=\"wp-block-media-text__media\"><img loading=\"lazy\" decoding=\"async\" width=\"1024\" height=\"683\" src=\"https:\/\/katarina-gerlage.be\/CMS\/wp-content\/uploads\/2022\/03\/N2D-1024x683.jpg\" alt=\"\" class=\"wp-image-331 size-full\" srcset=\"https:\/\/katarina-gerlage.be\/CMS\/wp-content\/uploads\/2022\/03\/N2D-1024x683.jpg 1024w, https:\/\/katarina-gerlage.be\/CMS\/wp-content\/uploads\/2022\/03\/N2D-300x200.jpg 300w, https:\/\/katarina-gerlage.be\/CMS\/wp-content\/uploads\/2022\/03\/N2D-768x512.jpg 768w, https:\/\/katarina-gerlage.be\/CMS\/wp-content\/uploads\/2022\/03\/N2D-1536x1024.jpg 1536w, https:\/\/katarina-gerlage.be\/CMS\/wp-content\/uploads\/2022\/03\/N2D.jpg 2048w\" sizes=\"auto, (max-width: 1024px) 100vw, 1024px\" \/><\/figure><div class=\"wp-block-media-text__content\">\n<p class=\"has-colibri-color-6-color has-text-color has-large-font-size\">Nationales 2 Dames<\/p>\n<\/div><\/div>\n\n\n\n<div class=\"wp-block-media-text alignwide is-stacked-on-mobile\"><figure class=\"wp-block-media-text__media\"><img loading=\"lazy\" decoding=\"async\" width=\"1024\" height=\"768\" src=\"https:\/\/katarina-gerlage.be\/CMS\/wp-content\/uploads\/2022\/03\/N3M-1024x768.jpg\" alt=\"\" class=\"wp-image-332 size-full\" srcset=\"https:\/\/katarina-gerlage.be\/CMS\/wp-content\/uploads\/2022\/03\/N3M-1024x768.jpg 1024w, https:\/\/katarina-gerlage.be\/CMS\/wp-content\/uploads\/2022\/03\/N3M-300x225.jpg 300w, https:\/\/katarina-gerlage.be\/CMS\/wp-content\/uploads\/2022\/03\/N3M-768x576.jpg 768w, https:\/\/katarina-gerlage.be\/CMS\/wp-content\/uploads\/2022\/03\/N3M-1536x1152.jpg 1536w, https:\/\/katarina-gerlage.be\/CMS\/wp-content\/uploads\/2022\/03\/N3M-2048x1536.jpg 2048w\" sizes=\"auto, (max-width: 1024px) 100vw, 1024px\" \/><\/figure><div class=\"wp-block-media-text__content\">\n<p class=\"has-colibri-color-6-color has-text-color has-large-font-size\">Nationales 3 Messieurs<\/p>\n<\/div><\/div>\n\n\n\n<div class=\"wp-block-media-text alignwide is-stacked-on-mobile\"><figure class=\"wp-block-media-text__media\"><img loading=\"lazy\" decoding=\"async\" width=\"1024\" height=\"512\" src=\"https:\/\/katarina-gerlage.be\/CMS\/wp-content\/uploads\/2022\/03\/Promo-DA-1024x512.jpeg\" alt=\"\" class=\"wp-image-333 size-full\" srcset=\"https:\/\/katarina-gerlage.be\/CMS\/wp-content\/uploads\/2022\/03\/Promo-DA-1024x512.jpeg 1024w, https:\/\/katarina-gerlage.be\/CMS\/wp-content\/uploads\/2022\/03\/Promo-DA-300x150.jpeg 300w, https:\/\/katarina-gerlage.be\/CMS\/wp-content\/uploads\/2022\/03\/Promo-DA-768x384.jpeg 768w, https:\/\/katarina-gerlage.be\/CMS\/wp-content\/uploads\/2022\/03\/Promo-DA.jpeg 1080w\" sizes=\"auto, (max-width: 1024px) 100vw, 1024px\" \/><\/figure><div class=\"wp-block-media-text__content\">\n<p class=\"has-colibri-color-6-color has-text-color has-large-font-size\">Promotion Dames A<\/p>\n<\/div><\/div>\n\n\n\n<div class=\"wp-block-media-text alignwide is-stacked-on-mobile\"><figure class=\"wp-block-media-text__media\"><img loading=\"lazy\" decoding=\"async\" width=\"925\" height=\"549\" src=\"https:\/\/katarina-gerlage.be\/CMS\/wp-content\/uploads\/2022\/03\/P1Da-bis.jpg\" alt=\"\" class=\"wp-image-334 size-full\" srcset=\"https:\/\/katarina-gerlage.be\/CMS\/wp-content\/uploads\/2022\/03\/P1Da-bis.jpg 925w, https:\/\/katarina-gerlage.be\/CMS\/wp-content\/uploads\/2022\/03\/P1Da-bis-300x178.jpg 300w, https:\/\/katarina-gerlage.be\/CMS\/wp-content\/uploads\/2022\/03\/P1Da-bis-768x456.jpg 768w\" sizes=\"auto, (max-width: 925px) 100vw, 925px\" \/><\/figure><div class=\"wp-block-media-text__content\">\n<p class=\"has-colibri-color-6-color has-text-color has-large-font-size\">Provinciales 1 Dames A<\/p>\n<\/div><\/div>\n\n\n\n<div class=\"wp-block-media-text alignwide is-stacked-on-mobile\"><figure class=\"wp-block-media-text__media\"><img loading=\"lazy\" decoding=\"async\" width=\"1024\" height=\"768\" src=\"https:\/\/katarina-gerlage.be\/CMS\/wp-content\/uploads\/2022\/03\/P1Db-1024x768.jpg\" alt=\"\" class=\"wp-image-335 size-full\" srcset=\"https:\/\/katarina-gerlage.be\/CMS\/wp-content\/uploads\/2022\/03\/P1Db-1024x768.jpg 1024w, https:\/\/katarina-gerlage.be\/CMS\/wp-content\/uploads\/2022\/03\/P1Db-300x225.jpg 300w, https:\/\/katarina-gerlage.be\/CMS\/wp-content\/uploads\/2022\/03\/P1Db-768x576.jpg 768w, https:\/\/katarina-gerlage.be\/CMS\/wp-content\/uploads\/2022\/03\/P1Db-1536x1152.jpg 1536w, https:\/\/katarina-gerlage.be\/CMS\/wp-content\/uploads\/2022\/03\/P1Db-2048x1536.jpg 2048w\" sizes=\"auto, (max-width: 1024px) 100vw, 1024px\" \/><\/figure><div class=\"wp-block-media-text__content\">\n<p class=\"has-colibri-color-6-color has-text-color has-large-font-size\">Provinciales 1 Dames B<\/p>\n<\/div><\/div>\n\n\n\n<div class=\"wp-block-media-text alignwide is-stacked-on-mobile\"><figure class=\"wp-block-media-text__media\"><img loading=\"lazy\" decoding=\"async\" width=\"1024\" height=\"931\" src=\"https:\/\/katarina-gerlage.be\/CMS\/wp-content\/uploads\/2022\/03\/WhatsApp-Image-2022-03-20-at-15.23.42-1024x931.jpeg\" alt=\"\" class=\"wp-image-336 size-full\" srcset=\"https:\/\/katarina-gerlage.be\/CMS\/wp-content\/uploads\/2022\/03\/WhatsApp-Image-2022-03-20-at-15.23.42-1024x931.jpeg 1024w, https:\/\/katarina-gerlage.be\/CMS\/wp-content\/uploads\/2022\/03\/WhatsApp-Image-2022-03-20-at-15.23.42-300x273.jpeg 300w, https:\/\/katarina-gerlage.be\/CMS\/wp-content\/uploads\/2022\/03\/WhatsApp-Image-2022-03-20-at-15.23.42-768x698.jpeg 768w, https:\/\/katarina-gerlage.be\/CMS\/wp-content\/uploads\/2022\/03\/WhatsApp-Image-2022-03-20-at-15.23.42-1536x1397.jpeg 1536w, https:\/\/katarina-gerlage.be\/CMS\/wp-content\/uploads\/2022\/03\/WhatsApp-Image-2022-03-20-at-15.23.42.jpeg 2048w\" sizes=\"auto, (max-width: 1024px) 100vw, 1024px\" \/><\/figure><div class=\"wp-block-media-text__content\">\n<p class=\"has-large-font-size\">Provinciales 1 Messieurs<\/p>\n<\/div><\/div>\n\n\n\n<div class=\"wp-block-media-text alignwide is-stacked-on-mobile\"><figure class=\"wp-block-media-text__media\"><img loading=\"lazy\" decoding=\"async\" width=\"1024\" height=\"768\" src=\"https:\/\/katarina-gerlage.be\/CMS\/wp-content\/uploads\/2022\/03\/P3D-1024x768.jpg\" alt=\"\" class=\"wp-image-337 size-full\" srcset=\"https:\/\/katarina-gerlage.be\/CMS\/wp-content\/uploads\/2022\/03\/P3D-1024x768.jpg 1024w, https:\/\/katarina-gerlage.be\/CMS\/wp-content\/uploads\/2022\/03\/P3D-300x225.jpg 300w, https:\/\/katarina-gerlage.be\/CMS\/wp-content\/uploads\/2022\/03\/P3D-768x576.jpg 768w, https:\/\/katarina-gerlage.be\/CMS\/wp-content\/uploads\/2022\/03\/P3D-1536x1152.jpg 1536w, https:\/\/katarina-gerlage.be\/CMS\/wp-content\/uploads\/2022\/03\/P3D-2048x1536.jpg 2048w\" sizes=\"auto, (max-width: 1024px) 100vw, 1024px\" \/><\/figure><div class=\"wp-block-media-text__content\">\n<p class=\"has-colibri-color-6-color has-text-color has-large-font-size\">Provinciales 3 Dames<\/p>\n<\/div><\/div>\n\n\n\n<div class=\"wp-block-media-text alignwide is-stacked-on-mobile\"><figure class=\"wp-block-media-text__media\"><img loading=\"lazy\" decoding=\"async\" width=\"1024\" height=\"768\" src=\"https:\/\/katarina-gerlage.be\/CMS\/wp-content\/uploads\/2022\/03\/P3M-19-20-1024x768.jpg\" alt=\"\" class=\"wp-image-305 size-full\" srcset=\"https:\/\/katarina-gerlage.be\/CMS\/wp-content\/uploads\/2022\/03\/P3M-19-20-1024x768.jpg 1024w, https:\/\/katarina-gerlage.be\/CMS\/wp-content\/uploads\/2022\/03\/P3M-19-20-300x225.jpg 300w, https:\/\/katarina-gerlage.be\/CMS\/wp-content\/uploads\/2022\/03\/P3M-19-20-768x576.jpg 768w, https:\/\/katarina-gerlage.be\/CMS\/wp-content\/uploads\/2022\/03\/P3M-19-20-1536x1152.jpg 1536w, https:\/\/katarina-gerlage.be\/CMS\/wp-content\/uploads\/2022\/03\/P3M-19-20.jpg 1920w\" sizes=\"auto, (max-width: 1024px) 100vw, 1024px\" \/><\/figure><div class=\"wp-block-media-text__content\">\n<p class=\"has-colibri-color-6-color has-text-color has-large-font-size\">Provinciales 3 Messieurs<\/p>\n<\/div><\/div>\n\n\n\n<div class=\"wp-block-media-text alignwide is-stacked-on-mobile\"><figure class=\"wp-block-media-text__media\"><img loading=\"lazy\" decoding=\"async\" width=\"1024\" height=\"768\" src=\"https:\/\/katarina-gerlage.be\/CMS\/wp-content\/uploads\/2022\/03\/WhatsApp-Image-2022-03-20-at-10.31.43-1024x768.jpeg\" alt=\"\" class=\"wp-image-339 size-full\" srcset=\"https:\/\/katarina-gerlage.be\/CMS\/wp-content\/uploads\/2022\/03\/WhatsApp-Image-2022-03-20-at-10.31.43-1024x768.jpeg 1024w, https:\/\/katarina-gerlage.be\/CMS\/wp-content\/uploads\/2022\/03\/WhatsApp-Image-2022-03-20-at-10.31.43-300x225.jpeg 300w, https:\/\/katarina-gerlage.be\/CMS\/wp-content\/uploads\/2022\/03\/WhatsApp-Image-2022-03-20-at-10.31.43-768x576.jpeg 768w, https:\/\/katarina-gerlage.be\/CMS\/wp-content\/uploads\/2022\/03\/WhatsApp-Image-2022-03-20-at-10.31.43-1536x1152.jpeg 1536w, https:\/\/katarina-gerlage.be\/CMS\/wp-content\/uploads\/2022\/03\/WhatsApp-Image-2022-03-20-at-10.31.43.jpeg 2048w\" sizes=\"auto, (max-width: 1024px) 100vw, 1024px\" \/><\/figure><div class=\"wp-block-media-text__content\">\n<p class=\"has-colibri-color-6-color has-text-color has-large-font-size\">Provinciales 4 Dames<\/p>\n<\/div><\/div>\n\n\n<p>\u00a0<\/p>\n<p>\u00a0<\/p>\n<p>\u00a0<\/p>\n<p>\u00a0<\/p>","protected":false},"excerpt":{"rendered":"<p>Jeunes cat\u00e9gorie U11 Gar\u00e7ons Jeunes cat\u00e9gorie U13 Filles Jeunes cat\u00e9gorie U15 Filles Nationales 2 Dames Nationales 3 Messieurs Promotion Dames A Provinciales 1 Dames A Provinciales 1 Dames B Provinciales 1 Messieurs Provinciales 3 Dames Provinciales 3 Messieurs Provinciales 4 Dames \u00a0 \u00a0 \u00a0 \u00a0<\/p>\n","protected":false},"author":1,"featured_media":0,"parent":0,"menu_order":2,"comment_status":"closed","ping_status":"closed","template":"page-templates\/full-width-page.php","meta":{"footnotes":""},"class_list":["post-14","page","type-page","status-publish","hentry"],"_links":{"self":[{"href":"https:\/\/katarina-gerlage.be\/CMS\/wp-json\/wp\/v2\/pages\/14","targetHints":{"allow":["GET"]}}],"collection":[{"href":"https:\/\/katarina-gerlage.be\/CMS\/wp-json\/wp\/v2\/pages"}],"about":[{"href":"https:\/\/katarina-gerlage.be\/CMS\/wp-json\/wp\/v2\/types\/page"}],"author":[{"embeddable":true,"href":"https:\/\/katarina-gerlage.be\/CMS\/wp-json\/wp\/v2\/users\/1"}],"replies":[{"embeddable":true,"href":"https:\/\/katarina-gerlage.be\/CMS\/wp-json\/wp\/v2\/comments?post=14"}],"version-history":[{"count":9,"href":"https:\/\/katarina-gerlage.be\/CMS\/wp-json\/wp\/v2\/pages\/14\/revisions"}],"predecessor-version":[{"id":340,"href":"https:\/\/katarina-gerlage.be\/CMS\/wp-json\/wp\/v2\/pages\/14\/revisions\/340"}],"wp:attachment":[{"href":"https:\/\/katarina-gerlage.be\/CMS\/wp-json\/wp\/v2\/media?parent=14"}],"curies":[{"name":"wp","href":"https:\/\/api.w.org\/{rel}","templated":true}]}}